 what is -4 + -7?
-10
In base 16, what is -3 + d2?
cf
In base 7, what is -16 - -24?
5
In base 11, what is -1641 + -4?
-1645
In base 12, what is -254 + -8?
-260
In base 11, what is -37 + -2?
-39
In base 11, what is -19 + -7?
-25
In base 13, what is -63 + b2?
4c
In base 3, what is -12101 - 2?
-12110
In base 6, what is 0 + -13?
-13
In base 16, what is 1 + -2?
-1
In base 12, what is -1 + -9a?
-9b
In base 4, what is 10 + -201?
-131
In base 15, what is -d - -1?
-c
In base 16, what is 3c - -3?
3f
In base 2, what is -100110 - -110?
-100000
In base 5, what is 102120 - -3?
102123
In base 2, what is 100101010 + -1000?
100100010
In base 8, what is -2 + 73?
71
In base 9, what is 0 - -356?
356
In base 15, what is 2c + -95?
-68
In base 16, what is -4 + -183?
-187
In base 7, what is -210 - 2?
-212
In base 8, what is 3 + 50?
53
In base 13, what is 22 - 175?
-153
In base 16, what is 1a44 + -5?
1a3f
In base 10, what is 86 - 227?
-141
In base 9, what is 1662 - -1?
1663
In base 14, what is 5 - 2436?
-2431
In base 11, what is 5 - 83?
-79
In base 4, what is -122 - -1?
-121
In base 9, what is 77 - -1?
78
In base 7, what is 5 + -43?
-35
In base 16, what is 64 - 75?
-11
In base 14, what is 3 + 13?
16
In base 9, what is -50 + 127?
67
In base 13, what is 311 + 2?
313
In base 8, what is -6 - -125?
117
In base 11, what is 5 - 165?
-160
In base 10, what is 5 - -55?
60
In base 2, what is 0 + 10010?
10010
In base 4, what is -302321 - -11?
-302310
In base 3, what is -202 + 2?
-200
In base 10, what is -580 - -6?
-574
In base 8, what is 23 + 0?
23
In base 4, what is 10 + -22?
-12
In base 13, what is 106 + 2?
108
In base 3, what is 2 - 100?
-21
In base 15, what is 4 + 10c?
111
In base 10, what is 4 + -814?
-810
In base 6, what is -222 - -141?
-41
In base 16, what is -3d + 4?
-39
In base 6, what is 104 + -1014?
-510
In base 16, what is -3 - -8?
5
In base 13, what is 0 - 5?
-5
In base 6, what is -122 - -10?
-112
In base 16, what is -4 - 395?
-399
In base 16, what is a + 13?
1d
In base 16, what is -2d + 1?
-2c
In base 14, what is 8b4 - a?
8a8
In base 4, what is -2 - 20110?
-20112
In base 11, what is -3a7 - -9?
-399
In base 10, what is 4 + -1270?
-1266
In base 11, what is -119 + -15?
-133
In base 10, what is 1 + -512?
-511
In base 10, what is -194 - -131?
-63
In base 7, what is 11051 + 3?
11054
In base 16, what is a15 - 5?
a10
In base 13, what is 63 - 13?
50
In base 9, what is 18 + -135?
-116
In base 6, what is 4 + 35?
43
In base 6, what is -25 - 11?
-40
In base 6, what is 13235 + 1?
13240
In base 8, what is -4 - -3173?
3167
In base 4, what is 0 + -1111?
-1111
In base 2, what is 100010 + 10000?
110010
In base 9, what is -54 + 5?
-48
In base 8, what is 1 - 330?
-327
In base 15, what is 3 + 547?
54a
In base 13, what is -1c - -3c?
20
In base 8, what is -3 - 265?
-270
In base 15, what is -5b - d?
-69
In base 9, what is -1 + -6713?
-6714
In base 15, what is 1be - 0?
1be
In base 14, what is 0 - 4?
-4
In base 12, what is 86 - 28?
5a
In base 7, what is -5 + -1625?
-1633
In base 7, what is 3243 + -4?
3236
In base 14, what is -2a - -4?
-26
In base 16, what is b + 886?
891
In base 4, what is 111 - 113000?
-112223
In base 7, what is -4 + 2345?
2341
In base 8, what is -1 - -20461?
20460
In base 13, what is 7 - -10?
17
In base 11, what is -126 + 2?
-124
In base 13, what is 6 - 223?
-21a
In base 10, what is 24 - 20?
4
In base 16, what is e - 67?
-59
In base 11, what is -49 - 3?
-51
In base 6, what is 4 - 11325?
-11321
In base 16, what is -5 - b0a?
-b0f
In base 15, what is 21 - 4?
1c
In base 6, what is -1344 + 1?
-1343
In base 8, what is 1 - 134?
-133
In base 14, what is 7b - -1?
7c
In base 14, what is -3 - 231?
-234
In base 4, what is -30 - 122?
-212
In base 4, what is -3330 - -10?
-3320
In base 10, what is -106 - 0?
-106
In base 7, what is -46 - 10?
-56
In base 2, what is -10 - -10011?
10001
In base 15, what is -538b - 4?
-5390
In base 13, what is 2 - -a?
c
In base 15, what is -11c - 5?
-122
In base 7, what is 52 - -14?
66
In base 6, what is -5 + 225?
220
In base 14, what is 3 + -2a7?
-2a4
In base 13, what is -6 + -114?
-11a
In base 8, what is 46061 + 3?
46064
In base 14, what is 1 - -8a?
8b
In base 4, what is -101 + -2?
-103
In base 8, what is 0 + 443?
443
In base 13, what is -128 + 3?
-125
In base 8, what is 0 - -2533?
2533
In base 16, what is 5 + a?
f
In base 8, what is -21 + 103?
62
In base 2, what is 11 - 10000?
-1101
In base 16, what is -70 - -2?
-6e
In base 8, what is 1 - 77?
-76
In base 14, what is -96 - -36?
-60
In base 7, what is 1406 + 2?
1411
In base 15, what is -3 + -81?
-84
In base 3, what is 12202020 - 1?
12202012
In base 8, what is -10 + 340?
330
In base 8, what is 31 - 3?
26
In base 14, what is -2c + 0?
-2c
In base 7, what is 60 - -122?
212
In base 5, what is -3 - 10?
-13
In base 13, what is -47 + 0?
-47
In base 7, what is 5 + 321?
326
In base 7, what is -4 - 141?
-145
In base 3, what is 1100 - 1020?
10
In base 2, what is 1011001 - -1?
1011010
In base 9, what is 0 + -262?
-262
In base 5, what is -10 + 20110?
20100
In base 9, what is -5 + 766?
761
In base 15, what is -208 + -1?
-209
In base 12, what is -2 + -737?
-739
In base 4, what is 3021 + -1012?
2003
In base 7, what is 2 - -1315?
1320
In base 15, what is 4 + b0?
b4
In base 10, what is 4 - 815?
-811
In base 13, what is 0 - -380b?
380b
In base 5, what is -34001 + 10?
-33441
In base 13, what is 5 + 2b?
33
In base 3, what is -200 - 102002?
-102202
In base 15, what is -1 + -66?
-67
In base 16, what is 1da - 1?
1d9
In base 14, what is 3507 + 1?
3508
In base 12, what is -518 - -1?
-517
In base 10, what is -17 + -196?
-213
In base 8, what is -1 - -4756?
4755
In base 13, what is -a + -8?
-15
In base 12, what is -84 + 3?
-81
In base 12, what is 1 - -a36?
a37
In base 2, what is -1001000010001 + -100?
-1001000010101
In base 13, what is b7a + 3?
b80
In base 2, what is -1011 + 11?
-1000
In base 7, what is 4 - -106?
113
In base 14, what is -2 + -c0?
-c2
In base 16, what is af + 1?
b0
In base 12, what is 6 + -14?
-a
In base 14, what is 1486 + 4?
148a
In base 7, what is -541 + 2?
-536
In base 6, what is 4 + -51?
-43
In base 7, what is 2 + 15320?
15322
In base 8, what is 646 + -14?
632
In base 11, what is 4a58 + -4?
4a54
In base 5, what is -10240 + -4?
-10244
In base 4, what is 3 + -2001?
-1332
In base 12, what is -3 + 796?
793
In base 11, what is 6 + -40?
-35
In base 16, what is -1 - 5ce?
-5cf
In base 16, what is -13 + -10?
-23
In base 12, what is 14 + -30?
-18
In base 11, what is -506 + 4?
-502
In base 12, what is -4 + 150?
148
In base 14, what is -6 + 2b?
25
In base 10, what is -5 + 21?
16
In base 5, what is 1301 - -1?
1302
In base 4, what is -1120003 - -3?
-1120000
In base 14, what is 578 + -5?
573
In base 6, what is -13 + 232?
215
In base 3, what is -1122 - -222?
-200
In base 12, what is 1 + 54?
55
In base 12, what is 9 + a00?
a09
In base 14, what is 48a8 - 4?
48a4
In base 8, what is 2240 + 12?
2252
In base 11, what is -3 + -160?
-163
In base 9, what is -20 - 18?
-38
In base 2, what is 111001000 - -10001?
111011001
In base 8, what is -5 - -34?
27
In base 2, what is -1 - 1010100?
-1010101
In base 6, what is 22555 + 2?
23001
In base 9, what is -4 - 0?
-4
In base 9, what is 56 - -1?
57
In base 12, what is -41 + -1b5?
-236
In base 13, what is -104 + 1?
-103
In base 10, what is -417 - 49?
-466
In base 16, what is -6dc + -1?
-6dd
In base 14, what is 1 - -1662?
1663
In base 3, what is -10120 - -10?
-10110
In base 8, what is -42124 - 5?
-42131
In base 6, what is -1 + -13?
-14
In base 4, what is -10 - 112331?
-113001
In base 10, what is -53 - 18?
-71
In base 11, what is -274 + -3?
-277
In base 6, what is 53 + -3?
50
In base 11, what is 3a9 - -1a?
418
In base 3, what is -202000 + 112?
-201111
In base 9, what is 0 + -1054?
-1054
In base 10, what is 2 + -6615?
-6613
In base 3, what is -1 + 112010?
112002
In base 16, what is 1 + -3e7?
-3e6
In base 12, what is 0 - 30?
-30
In base 3, what is -2 - 10012122?
-10012201
In base 16, what is 5 - 333?
-32e
In base 5, what is -1400 + -1?
-1401
In base 10, what is 299 + -6?
293
In base 8, what is -4 + -131?
-135
In base 12, what is 5 + -3a47?
-3a42
In base 9, what is 54 - -5?
60
In base 7, what is 46 - -6?
55
In base 11, what is -38 - 4?
-41
In base 15, what is -183 + 0?
-183
In base 8, what is -62 + 5?
-55
